base 13, what is -10 - -151953a?
151952a
In base 9, what is 8461766 - 4?
8461762
In base 16, what is 62 - -5f0be9?
5f0c4b
In base 12, what is 2 + -6b283a40?
-6b283a3a
In base 13, what is -54 + -48b70?
-48bc4
In base 13, what is 3 + 1c06273?
1c06276
In base 3, what is -1110022012 + -100100211?
-1210200000
In base 3, what is 221 - -21110012201?
21110020122
In base 3, what is 20211021021 + -10200?
20211010121
In base 15, what is 2 - 1a7b05b2?
-1a7b05b0
In base 8, what is 547366 + 102?
547470
In base 15, what is -1e9714e8 - -2?
-1e9714e6
In base 7, what is -21454134 + 3?
-21454131
In base 5, what is 10 + 203024241332?
203024241342
In base 10, what is -2435829 + -5?
-2435834
In base 3, what is -12022120112 - 11111022?
-12111001211
In base 14, what is -137 - -64aa?
6373
In base 9, what is -1 - -2372256?
2372255
In base 16, what is -8c2a5c8 - 2?
-8c2a5ca
In base 9, what is -1335 + 10861?
8525
In base 9, what is 146 + -3604637?
-3604481
In base 11, what is -152817 + -45?
-152861
In base 15, what is a9 + -25e?
-1a5
In base 2, what is 10101110 - 110001111011110111?
-110001111001001001
In base 3, what is 210012020 + 112022112?
1022111202
In base 8, what is 607500 + 1336?
611036
In base 16, what is 24b6 + -5dea?
-3934
In base 8, what is 1 + -75662?
-75661
In base 6, what is -100302043 + -3?
-100302050
In base 6, what is -32 + 1354121302?
1354121230
In base 2, what is -11 - 11001100111001011001000?
-11001100111001011001011
In base 12, what is 0 + -b72769?
-b72769
In base 9, what is -3 - 58445056?
-58445060
In base 16, what is 4df6e + 15?
4df83
In base 9, what is 1 - -6317026?
6317027
In base 7, what is -150016665 - 2?
-150020000
In base 6, what is -2 - -2540054330?
2540054324
In base 13, what is 493627 + 9?
493633
In base 11, what is 6a9 + -8703?
-8005
In base 5, what is 1333132023 + 30?
1333132103
In base 5, what is -114 + -412110341?
-412111010
In base 14, what is 18 - 78074b?
-780733
In base 14, what is 2d19 + 193?
30ac
In base 14, what is -18d1363 - 1?
-18d1364
In base 14, what is 381ac0 + 5?
381ac5
In base 3, what is 22102212021001 - 2?
22102212020222
In base 7, what is 636415552 - 3?
636415546
In base 11, what is -1255745 + 0?
-1255745
In base 5, what is 0 - -2421041343?
2421041343
In base 3, what is 21210121012000 - 10?
21210121011220
In base 12, what is -7b776 - -35?
-7b741
In base 2, what is -10010010111001000111111010101 + -11?
-10010010111001000111111011000
In base 10, what is 180 - -4189?
4369
In base 9, what is -772732 - 262?
-773104
In base 13, what is -299638 + -13?
-29964b
In base 10, what is -11 - 3347156?
-3347167
In base 5, what is 1014131 - -31003?
1100134
In base 6, what is 153 - -5213055?
5213252
In base 6, what is 12214 - 4521425?
-4505211
In base 12, what is 3945b104 + -2?
3945b102
In base 14, what is 191b88ac - -3?
191b88b1
In base 12, what is 3a80085 - 5?
3a80080
In base 14, what is 419bbb + -9?
419bb2
In base 13, what is 5a7943 - -7?
5a794a
In base 9, what is -58254 + -363?
-58627
In base 13, what is -43b86309 + -4?
-43b86310
In base 7, what is -2240220 - 16?
-2240236
In base 6, what is 35321211 + -151?
35321020
In base 8, what is -212 + 270746?
270534
In base 5, what is -11211 + -214044?
-230310
In base 7, what is 3643156603 - 2?
3643156601
In base 14, what is 8930a6d - 6?
8930a67
In base 12, what is -253 + -16b733?
-16b986
In base 12, what is -55 - 736117?
-736170
In base 14, what is 5 + 42a530?
42a535
In base 10, what is 359181 + 15?
359196
In base 14, what is -232d81dc - -2?
-232d81da
In base 6, what is -13423 + 304230?
250403
In base 4, what is -3311003101 - 1?
-3311003102
In base 8, what is -10 - -14575716?
14575706
In base 12, what is 4 + 363328?
363330
In base 14, what is -134 - -11b90c?
11b7b8
In base 9, what is -1 - 80013541?
-80013542
In base 11, what is -1 - -31458369?
31458368
In base 6, what is -303 + -2354040?
-2354343
In base 6, what is 232 - 43451001?
-43450325
In base 3, what is 2 - 1001011101201121?
-1001011101201112
In base 2, what is -1110111 + -100101110010111?
-100110000001110
In base 16, what is -17b + 5fd90?
5fc15
In base 2, what is 1 - 11110100000010110011?
-11110100000010110010
In base 11, what is -1 + -3a42295?
-3a42296
In base 5, what is 2332 + -1240012400?
-1240010013
In base 7, what is 2665 + -23010?
-20012
In base 9, what is -217161 + -361?
-217532
In base 8, what is -1757 - 11207?
-13166
In base 15, what is -6 + 360bbb?
360bb5
In base 11, what is -1691312 - 3?
-1691315
In base 8, what is 1 - -144236447?
144236450
In base 14, what is -53a - 39192?
-396cc
In base 13, what is 2 - 70c1949?
-70c1947
In base 14, what is -ad04 - -16?
-accc
In base 2, what is -11001101100100010111110 + -100?
-11001101100100011000010
In base 6, what is 3 - 1030142043?
-1030142040
In base 13, what is -943 - 301b?
-3961
In base 3, what is -12001 - 2010020112201?
-2010020201202
In base 5, what is -1142 + -1121141013?
-1121142210
In base 8, what is 4 + -177735153?
-177735147
In base 11, what is 36 - 3179716?
-3179690
In base 4, what is -10332020300201 + 2?
-10332020300133
In base 6, what is -114542 + 1402153?
1243211
In base 6, what is -20145335523 + -2?
-20145335525
In base 3, what is -2022112100 - 21121122?
-2121010222
In base 8, what is 343277 - -377?
343676
In base 6, what is -1031323 - 102?
-1031425
In base 13, what is -173c89 - 18?
-173ca4
In base 15, what is 8 - 1b7459?
-1b7451
In base 3, what is 100111 + 22210121110?
22210221221
In base 10, what is -37 - 1974645?
-1974682
In base 8, what is -32 + -13501112?
-13501144
In base 10, what is -6635 - -147?
-6488
In base 6, what is -10052 - -322124?
312032
In base 4, what is -2 - -13101103311?
13101103303
In base 15, what is -6aa5d - -36c?
-6a6e1
In base 5, what is 212100210321 - -3?
212100210324
In base 15, what is -7e06 - -16b?
-7c8a
In base 3, what is -102212020001022 - 102?
-102212020001201
In base 6, what is 1054 + 1033141?
1034235
In base 16, what is -4 + -347041c?
-3470420
In base 14, what is 0 + -4cba08?
-4cba08
In base 4, what is -22222013120 + -12?
-22222013132
In base 4, what is -223030032121 - 21?
-223030032202
In base 3, what is -111012222 - 211?
-111020210
In base 3, what is 1201102 - 2100210?
-122101
In base 3, what is 1000020010021000 + -2?
1000020010020221
In base 14, what is -b9c + cc71c?
cb960
In base 8, what is -2403535 - 644?
-2404401
In base 6, what is 32 - 34523144?
-34523112
In base 15, what is -5 + 1496b78?
1496b73
In base 14, what is -9b9a217 - 3?
-9b9a21a
In base 8, what is 2423 + 421055?
423500
In base 13, what is -2 - -2b6948?
2b6946
In base 7, what is 50664 - 4501?
43163
In base 6, what is 545110 - -23312?
1012422
In base 7, what is 50 - 30660?
-30610
In base 9, what is -1 - -76533212?
76533211
In base 13, what is -3 - -125b8c2?
125b8bc
In base 4, what is -211 + -2302122033?
-2302122310
In base 13, what is -22120a0 - -3?
-221209a
In base 14, what is -89a0305c + -1?
-89a0305d
In base 4, what is 221321100 - -220?
221321320
In base 11, what is -244126 - 160?
-244286
In base 14, what is 12bc77b8 + 4?
12bc77bc
In base 15, what is -5a147b + 0?
-5a147b
In base 7, what is 444601 - 55?
444513
In base 12, what is -63 - -1516b?
15108
In base 11, what is 1a341 - 74?
1a278
In base 10, what is 1 - -100982400?
100982401
In base 13, what is -5 + 6649a78?
6649a73
In base 10, what is -3125 + 14160?
11035
In base 13, what is 470c992 + 13?
470c9a5
In base 14, what is 1682035 + -3?
1682032
In base 3, what is 2 + -2200111200120?
-2200111200111
In base 5, what is -12011221030 - 10?
-12011221040
In base 9, what is 6202636066 + 5?
6202636072
In base 14, what is -32d129d + 3?
-32d129a
In base 8, what is -3413 + -45033?
-50446
In base 6, what is -1141554250 + 5?
-1141554241
In base 9, what is 50273 - 6148?
43124
In base 5, what is -44 + -14133043?
-14133142
In base 12, what is 1 + -197a691a?
-197a6919
In base 5, what is 114223422 - 211?
114223211
In base 14, what is 30dd357 + 2?
30dd359
In base 4, what is 32321210 - -2131?
32330001
In base 5, what is -43034031 + -10?
-43034041
In base 7, what is -131 + 1555152?
1555021
In base 15, what is -41748 + a8?
-41690
In base 7, what is -2 - -33556106?
33556104
In base 2, what is -110101111 - -1000111111101101?
1000111000111110
In base 15, what is d894cb4 - -1?
d894cb5
In base 5, what is 4 - -13211240?
13211244
In base 8, what 